{"id":598,"date":"2021-08-19T11:37:34","date_gmt":"2021-08-19T08:37:34","guid":{"rendered":"http:\/\/www.serdarleblebici.com\/wp-content\/uploads\/2021\/08\/Portre-Serisi-Portrait-Series-2015-suluboya-watercolordefter-notebook-15x10-cm..jpg"},"modified":"2021-08-19T17:45:52","modified_gmt":"2021-08-19T14:45:52","slug":"portre-serisi-portrait-series-2015-suluboya-watercolordefter-notebook-15x10-cm-2","status":"inherit","type":"attachment","link":"http:\/\/www.serdarleblebici.com\/?attachment_id=598","title":{"rendered":"Portre Serisi-Portrait Series 2015 suluboya-watercolor(defter-notebook) 15&#215;10 cm."},"author":1,"featured_media":0,"comment_status":"closed","ping_status":"closed","template":"","meta":{"neve_meta_sidebar":"","neve_meta_container":"","neve_meta_enable_content_width":"","neve_meta_content_width":0,"neve_meta_title_alignment":"","neve_meta_author_avatar":"","neve_post_elements_order":"","neve_meta_disable_header":"","neve_meta_disable_footer":"","neve_meta_disable_title":""},"class_list":["post-598","attachment","type-attachment","status-inherit","hentry"],"description":{"rendered":"<p class=\"attachment\"><a href='http:\/\/www.serdarleblebici.com\/wp-content\/uploads\/2021\/08\/Portre-Serisi-Portrait-Series-2015-suluboya-watercolordefter-notebook-15x10-cm..jpg'><img loading=\"lazy\" decoding=\"async\" width=\"233\" height=\"360\" src=\"http:\/\/www.serdarleblebici.com\/wp-content\/uploads\/2021\/08\/Portre-Serisi-Portrait-Series-2015-suluboya-watercolordefter-notebook-15x10-cm.-233x360.jpg\" class=\"attachment-medium size-medium\" alt=\"\" srcset=\"http:\/\/www.serdarleblebici.com\/wp-content\/uploads\/2021\/08\/Portre-Serisi-Portrait-Series-2015-suluboya-watercolordefter-notebook-15x10-cm.-233x360.jpg 233w, http:\/\/www.serdarleblebici.com\/wp-content\/uploads\/2021\/08\/Portre-Serisi-Portrait-Series-2015-suluboya-watercolordefter-notebook-15x10-cm.-663x1024.jpg 663w, http:\/\/www.serdarleblebici.com\/wp-content\/uploads\/2021\/08\/Portre-Serisi-Portrait-Series-2015-suluboya-watercolordefter-notebook-15x10-cm.-768x1186.jpg 768w, http:\/\/www.serdarleblebici.com\/wp-content\/uploads\/2021\/08\/Portre-Serisi-Portrait-Series-2015-suluboya-watercolordefter-notebook-15x10-cm.-995x1536.jpg 995w, http:\/\/www.serdarleblebici.com\/wp-content\/uploads\/2021\/08\/Portre-Serisi-Portrait-Series-2015-suluboya-watercolordefter-notebook-15x10-cm.-1326x2048.jpg 1326w, http:\/\/www.serdarleblebici.com\/wp-content\/uploads\/2021\/08\/Portre-Serisi-Portrait-Series-2015-suluboya-watercolordefter-notebook-15x10-cm..jpg 1554w\" sizes=\"auto, (max-width: 233px) 100vw, 233px\" \/><\/a><\/p>\n"},"caption":{"rendered":"<p>ka\u011f\u0131t \u00fczerine suluboya 15&#215;10 cm. 2015<\/p>\n"},"alt_text":"","media_type":"image","mime_type":"image\/jpeg","media_details":{"width":1554,"height":2400,"file":"2021\/08\/Portre-Serisi-Portrait-Series-2015-suluboya-watercolordefter-notebook-15x10-cm..jpg","sizes":{"medium":{"file":"Portre-Serisi-Portrait-Series-2015-suluboya-watercolordefter-notebook-15x10-cm.-233x360.jpg","width":233,"height":360,"mime_type":"image\/jpeg","source_url":"http:\/\/www.serdarleblebici.com\/wp-content\/uploads\/2021\/08\/Portre-Serisi-Portrait-Series-2015-suluboya-watercolordefter-notebook-15x10-cm.-233x360.jpg"},"large":{"file":"Portre-Serisi-Portrait-Series-2015-suluboya-watercolordefter-notebook-15x10-cm.-663x1024.jpg","width":663,"height":1024,"mime_type":"image\/jpeg","source_url":"http:\/\/www.serdarleblebici.com\/wp-content\/uploads\/2021\/08\/Portre-Serisi-Portrait-Series-2015-suluboya-watercolordefter-notebook-15x10-cm.-663x1024.jpg"},"thumbnail":{"file":"Portre-Serisi-Portrait-Series-2015-suluboya-watercolordefter-notebook-15x10-cm.-150x150.jpg","width":150,"height":150,"mime_type":"image\/jpeg","source_url":"http:\/\/www.serdarleblebici.com\/wp-content\/uploads\/2021\/08\/Portre-Serisi-Portrait-Series-2015-suluboya-watercolordefter-notebook-15x10-cm.-150x150.jpg"},"medium_large":{"file":"Portre-Serisi-Portrait-Series-2015-suluboya-watercolordefter-notebook-15x10-cm.-768x1186.jpg","width":768,"height":1186,"mime_type":"image\/jpeg","source_url":"http:\/\/www.serdarleblebici.com\/wp-content\/uploads\/2021\/08\/Portre-Serisi-Portrait-Series-2015-suluboya-watercolordefter-notebook-15x10-cm.-768x1186.jpg"},"1536x1536":{"file":"Portre-Serisi-Portrait-Series-2015-suluboya-watercolordefter-notebook-15x10-cm.-995x1536.jpg","width":995,"height":1536,"mime_type":"image\/jpeg","source_url":"http:\/\/www.serdarleblebici.com\/wp-content\/uploads\/2021\/08\/Portre-Serisi-Portrait-Series-2015-suluboya-watercolordefter-notebook-15x10-cm.-995x1536.jpg"},"2048x2048":{"file":"Portre-Serisi-Portrait-Series-2015-suluboya-watercolordefter-notebook-15x10-cm.-1326x2048.jpg","width":1326,"height":2048,"mime_type":"image\/jpeg","source_url":"http:\/\/www.serdarleblebici.com\/wp-content\/uploads\/2021\/08\/Portre-Serisi-Portrait-Series-2015-suluboya-watercolordefter-notebook-15x10-cm.-1326x2048.jpg"},"neve-blog":{"file":"Portre-Serisi-Portrait-Series-2015-suluboya-watercolordefter-notebook-15x10-cm.-930x620.jpg","width":930,"height":620,"mime_type":"image\/jpeg","source_url":"http:\/\/www.serdarleblebici.com\/wp-content\/uploads\/2021\/08\/Portre-Serisi-Portrait-Series-2015-suluboya-watercolordefter-notebook-15x10-cm.-930x620.jpg"},"full":{"file":"Portre-Serisi-Portrait-Series-2015-suluboya-watercolordefter-notebook-15x10-cm..jpg","width":1554,"height":2400,"mime_type":"image\/jpeg","source_url":"http:\/\/www.serdarleblebici.com\/wp-content\/uploads\/2021\/08\/Portre-Serisi-Portrait-Series-2015-suluboya-watercolordefter-notebook-15x10-cm..jpg"}},"image_meta":{"aperture":"5.6","credit":"","camera":"NIKON D5000","caption":"","created_timestamp":"1530198024","copyright":"","focal_length":"46","iso":"320","shutter_speed":"0.008","title":"","orientation":"1","keywords":[]}},"post":null,"source_url":"http:\/\/www.serdarleblebici.com\/wp-content\/uploads\/2021\/08\/Portre-Serisi-Portrait-Series-2015-suluboya-watercolordefter-notebook-15x10-cm..jpg","_links":{"self":[{"href":"http:\/\/www.serdarleblebici.com\/index.php?rest_route=\/wp\/v2\/media\/598","targetHints":{"allow":["GET"]}}],"collection":[{"href":"http:\/\/www.serdarleblebici.com\/index.php?rest_route=\/wp\/v2\/media"}],"about":[{"href":"http:\/\/www.serdarleblebici.com\/index.php?rest_route=\/wp\/v2\/types\/attachment"}],"author":[{"embeddable":true,"href":"http:\/\/www.serdarleblebici.com\/index.php?rest_route=\/wp\/v2\/users\/1"}],"replies":[{"embeddable":true,"href":"http:\/\/www.serdarleblebici.com\/index.php?rest_route=%2Fwp%2Fv2%2Fcomments&post=598"}]}}

<p>kağıt üzerine suluboya 15&#215;10 cm. 2015</p>
