{"id":571,"date":"2021-08-19T11:34:30","date_gmt":"2021-08-19T08:34:30","guid":{"rendered":"http:\/\/www.serdarleblebici.com\/wp-content\/uploads\/2021\/08\/12-Portre-serisi-kagit-uzerine-akrilik-murekkep-ve-yagli-pastel-2018-35x25-cm..jpg"},"modified":"2021-10-29T19:29:30","modified_gmt":"2021-10-29T16:29:30","slug":"12-portre-serisi-kagit-uzerine-akrilik-murekkep-ve-yagli-pastel-2018-35x25-cm","status":"inherit","type":"attachment","link":"http:\/\/www.serdarleblebici.com\/?attachment_id=571","title":{"rendered":"12-&#8216;Portre&#8217; serisi-ka\u011f\u0131t \u00fczerine akrilik m\u00fcrekkep ve ya\u011fl\u0131 pastel-2018-35&#215;25 cm."},"author":1,"featured_media":0,"comment_status":"closed","ping_status":"closed","template":"","meta":{"neve_meta_sidebar":"","neve_meta_container":"","neve_meta_enable_content_width":"","neve_meta_content_width":0,"neve_meta_title_alignment":"","neve_meta_author_avatar":"","neve_post_elements_order":"","neve_meta_disable_header":"","neve_meta_disable_footer":"","neve_meta_disable_title":""},"class_list":["post-571","attachment","type-attachment","status-inherit","hentry"],"description":{"rendered":"<p class=\"attachment\"><a href='http:\/\/www.serdarleblebici.com\/wp-content\/uploads\/2021\/08\/12-Portre-serisi-kagit-uzerine-akrilik-murekkep-ve-yagli-pastel-2018-35x25-cm..jpg'><img loading=\"lazy\" decoding=\"async\" width=\"258\" height=\"360\" src=\"http:\/\/www.serdarleblebici.com\/wp-content\/uploads\/2021\/08\/12-Portre-serisi-kagit-uzerine-akrilik-murekkep-ve-yagli-pastel-2018-35x25-cm.-258x360.jpg\" class=\"attachment-medium size-medium\" alt=\"\" srcset=\"http:\/\/www.serdarleblebici.com\/wp-content\/uploads\/2021\/08\/12-Portre-serisi-kagit-uzerine-akrilik-murekkep-ve-yagli-pastel-2018-35x25-cm.-258x360.jpg 258w, http:\/\/www.serdarleblebici.com\/wp-content\/uploads\/2021\/08\/12-Portre-serisi-kagit-uzerine-akrilik-murekkep-ve-yagli-pastel-2018-35x25-cm.-735x1024.jpg 735w, http:\/\/www.serdarleblebici.com\/wp-content\/uploads\/2021\/08\/12-Portre-serisi-kagit-uzerine-akrilik-murekkep-ve-yagli-pastel-2018-35x25-cm.-768x1070.jpg 768w, http:\/\/www.serdarleblebici.com\/wp-content\/uploads\/2021\/08\/12-Portre-serisi-kagit-uzerine-akrilik-murekkep-ve-yagli-pastel-2018-35x25-cm.-1103x1536.jpg 1103w, http:\/\/www.serdarleblebici.com\/wp-content\/uploads\/2021\/08\/12-Portre-serisi-kagit-uzerine-akrilik-murekkep-ve-yagli-pastel-2018-35x25-cm.-1470x2048.jpg 1470w, http:\/\/www.serdarleblebici.com\/wp-content\/uploads\/2021\/08\/12-Portre-serisi-kagit-uzerine-akrilik-murekkep-ve-yagli-pastel-2018-35x25-cm..jpg 1723w\" sizes=\"auto, (max-width: 258px) 100vw, 258px\" \/><\/a><\/p>\n"},"caption":{"rendered":"<p>ka\u011f\u0131t \u00fczerine kar\u0131\u015f\u0131k teknik 35&#215;25 cm. 2018<\/p>\n"},"alt_text":"","media_type":"image","mime_type":"image\/jpeg","media_details":{"width":1723,"height":2400,"file":"2021\/08\/12-Portre-serisi-kagit-uzerine-akrilik-murekkep-ve-yagli-pastel-2018-35x25-cm..jpg","sizes":{"medium":{"file":"12-Portre-serisi-kagit-uzerine-akrilik-murekkep-ve-yagli-pastel-2018-35x25-cm.-258x360.jpg","width":258,"height":360,"mime_type":"image\/jpeg","source_url":"http:\/\/www.serdarleblebici.com\/wp-content\/uploads\/2021\/08\/12-Portre-serisi-kagit-uzerine-akrilik-murekkep-ve-yagli-pastel-2018-35x25-cm.-258x360.jpg"},"large":{"file":"12-Portre-serisi-kagit-uzerine-akrilik-murekkep-ve-yagli-pastel-2018-35x25-cm.-735x1024.jpg","width":735,"height":1024,"mime_type":"image\/jpeg","source_url":"http:\/\/www.serdarleblebici.com\/wp-content\/uploads\/2021\/08\/12-Portre-serisi-kagit-uzerine-akrilik-murekkep-ve-yagli-pastel-2018-35x25-cm.-735x1024.jpg"},"thumbnail":{"file":"12-Portre-serisi-kagit-uzerine-akrilik-murekkep-ve-yagli-pastel-2018-35x25-cm.-150x150.jpg","width":150,"height":150,"mime_type":"image\/jpeg","source_url":"http:\/\/www.serdarleblebici.com\/wp-content\/uploads\/2021\/08\/12-Portre-serisi-kagit-uzerine-akrilik-murekkep-ve-yagli-pastel-2018-35x25-cm.-150x150.jpg"},"medium_large":{"file":"12-Portre-serisi-kagit-uzerine-akrilik-murekkep-ve-yagli-pastel-2018-35x25-cm.-768x1070.jpg","width":768,"height":1070,"mime_type":"image\/jpeg","source_url":"http:\/\/www.serdarleblebici.com\/wp-content\/uploads\/2021\/08\/12-Portre-serisi-kagit-uzerine-akrilik-murekkep-ve-yagli-pastel-2018-35x25-cm.-768x1070.jpg"},"1536x1536":{"file":"12-Portre-serisi-kagit-uzerine-akrilik-murekkep-ve-yagli-pastel-2018-35x25-cm.-1103x1536.jpg","width":1103,"height":1536,"mime_type":"image\/jpeg","source_url":"http:\/\/www.serdarleblebici.com\/wp-content\/uploads\/2021\/08\/12-Portre-serisi-kagit-uzerine-akrilik-murekkep-ve-yagli-pastel-2018-35x25-cm.-1103x1536.jpg"},"2048x2048":{"file":"12-Portre-serisi-kagit-uzerine-akrilik-murekkep-ve-yagli-pastel-2018-35x25-cm.-1470x2048.jpg","width":1470,"height":2048,"mime_type":"image\/jpeg","source_url":"http:\/\/www.serdarleblebici.com\/wp-content\/uploads\/2021\/08\/12-Portre-serisi-kagit-uzerine-akrilik-murekkep-ve-yagli-pastel-2018-35x25-cm.-1470x2048.jpg"},"neve-blog":{"file":"12-Portre-serisi-kagit-uzerine-akrilik-murekkep-ve-yagli-pastel-2018-35x25-cm.-930x620.jpg","width":930,"height":620,"mime_type":"image\/jpeg","source_url":"http:\/\/www.serdarleblebici.com\/wp-content\/uploads\/2021\/08\/12-Portre-serisi-kagit-uzerine-akrilik-murekkep-ve-yagli-pastel-2018-35x25-cm.-930x620.jpg"},"full":{"file":"12-Portre-serisi-kagit-uzerine-akrilik-murekkep-ve-yagli-pastel-2018-35x25-cm..jpg","width":1723,"height":2400,"mime_type":"image\/jpeg","source_url":"http:\/\/www.serdarleblebici.com\/wp-content\/uploads\/2021\/08\/12-Portre-serisi-kagit-uzerine-akrilik-murekkep-ve-yagli-pastel-2018-35x25-cm..jpg"}},"image_meta":{"aperture":"6.3","credit":"","camera":"NIKON D5000","caption":"","created_timestamp":"1515324686","copyright":"","focal_length":"26","iso":"200","shutter_speed":"0.00625","title":"","orientation":"1","keywords":[]}},"post":null,"source_url":"http:\/\/www.serdarleblebici.com\/wp-content\/uploads\/2021\/08\/12-Portre-serisi-kagit-uzerine-akrilik-murekkep-ve-yagli-pastel-2018-35x25-cm..jpg","_links":{"self":[{"href":"http:\/\/www.serdarleblebici.com\/index.php?rest_route=\/wp\/v2\/media\/571","targetHints":{"allow":["GET"]}}],"collection":[{"href":"http:\/\/www.serdarleblebici.com\/index.php?rest_route=\/wp\/v2\/media"}],"about":[{"href":"http:\/\/www.serdarleblebici.com\/index.php?rest_route=\/wp\/v2\/types\/attachment"}],"author":[{"embeddable":true,"href":"http:\/\/www.serdarleblebici.com\/index.php?rest_route=\/wp\/v2\/users\/1"}],"replies":[{"embeddable":true,"href":"http:\/\/www.serdarleblebici.com\/index.php?rest_route=%2Fwp%2Fv2%2Fcomments&post=571"}]}}

12-&#8216;Portre&#8217; serisi-kağıt üzerine akrilik mürekkep ve yağlı pastel-2018-35&#215;25 cm.

<p>kağıt üzerine karışık teknik 35&#215;25 cm. 2018</p>
